hat are the prime factors of n(z)?
3, 7
Suppose 0 = -0*p - 3*p - 36. Let w(x) = -x**3 - 11*x**2 + 10*x + 24. What are the prime factors of w(p)?
2, 3
Let k be (2 + 2)/8*64. Let a = -23 + k. What are the prime factors of a?
3
Suppose 2*l - 4*h = -24, -5*h = 5*l + 4 + 11. Let a be (-9)/l*-4 + 3. What are the prime factors of ((-33)/3)/(1/a)?
3, 11
Let t be (108/(-20))/((2/(-5))/2). Let w = t - -127. What are the prime factors of w?
2, 7, 11
Let p be ((-76)/(-12) - 4)*30. Suppose 0 = -3*x + 4*r + p, 4*x - 56 - 58 = -5*r. Suppose h = x + 4. What are the prime factors of h?
2, 3, 5
List the prime factors of 0 + ((-140)/(-21))/(6/9).
2, 5
Suppose 3*l = -0*l + 117. Suppose 4*f - 4*p + 28 = 0, p = 2*f - 2*p + 13. Let x = l + f. List the prime factors of x.
31
Let n(a) = 5*a**2 - 6*a - 5. List the prime factors of n(4).
3, 17
Let d(t) = -t + 11. Let f be d(8). Let c(w) = w**2 + 2*w + 5. Let k be c(5). Suppose f*l = 5*l - k. List the prime factors of l.
2, 5
Let g(l) = -2*l**3 + 4*l**2 - 11*l + 12. Let a(o) = -3*o**3 + 8*o**2 - 21*o + 25. Let y(j) = 3*a(j) - 5*g(j). List the prime factors of y(-5).
2, 3, 5
Let s = -518 - -1186. What are the prime factors of s?
2, 167
Let k(m) = -m**3 + 5*m**2 - 12*m - 4. Let h(l) = 2*l**3 - 9*l**2 + 25*l + 8. Let q(x) = 4*h(x) + 9*k(x). List the prime factors of q(6).
2, 7
Suppose -3*s - 34 = -2*v, 5*v - 64 - 1 = 5*s. Let m(o) = 2 - 12*o + 3*o**2 + 2*o - 4*o**2. What are the prime factors of m(s)?
2, 3
Let j be (-1232)/10 + (-8)/10. Let v = 164 + j. What are the prime factors of v?
2, 5
Let n(d) = -d**3 + 14*d**2 + 11*d - 4. Let i be n(12). Suppose 4*b = -y + i, 2*b + 0*b - 190 = -5*y. What are the prime factors of b?
3, 5, 7
Let d = -1728 - -2327. What are the prime factors of d?
599
Let v(r) = r**3 + 4*r**2 - 3*r + 4. Let q be v(-5). Let c be q/(-4)*(-2)/3. What are the prime factors of (-1*14 - 3)*c?
17
Let y = 181 - 346. What are the prime factors of (-3)/18 + y/(-18) - -2?
11
Let q = 2543 - 1325. What are the prime factors of q?
2, 3, 7, 29
Suppose -r + 5*r = 3840. Suppose 5*k = 5*v - r, 3*v + 3*k = -2*v + 968. What are the prime factors of v?
193
Let c(n) = n**2 - 3. Let s be c(3). Let w(d) = -16*d - 6*d + s*d. List the prime factors of w(-1).
2
Let c = -6 - -12. Suppose -4*n - c = -2*y + 4, 3*y = -n + 8. Suppose 0 = -y*s - 0*s + 42. What are the prime factors of s?
2, 7
Suppose u - 3*c + 5 - 28 = 0, 4*u = 4*c + 116. Let y = u + -28. List the prime factors of y.
2
Let p be 32/6 - 2/6. Suppose s - u - 3*u = 0, -3*s + 2*u = -10. Suppose -f - s*z + 36 = 0, -5*f = p*z - 147 + 27. List the prime factors of f.
2, 5
What are the prime factors of (1 + -3)*(-210 + -2)?
2, 53
Let w = -60 - -124. Suppose -a = -5*a + w. What are the prime factors of a?
2
Let c be (7 - 8) + -2 + 118. Let g = -123 + 71. Let o = c + g. List the prime factors of o.
3, 7
Let c(y) = -y**2 + 3. Let u be c(0). Let i(w) = 12*w**3 + 0 - 8*w**2 + 0 - 11*w**u + 9*w. List the prime factors of i(7).
2, 7
Let r(w) be the first derivative of 3*w**3 - w**2 + w - 2. What are the prime factors of r(-4)?
3, 17
List the prime factors of 27768/54 - 2/9.
2, 257
Let m = 5128 + -1557. What are the prime factors of m?
3571
Let d be (-8)/(7 + (-20)/4). What are the prime factors of (-558)/d + ((-45)/6)/15?
139
Suppose 0 = 34*h - 31*h. Suppose -3*q + 20 = -t + 5, h = 4*q - t - 20. Suppose -q*s + 339 - 79 = 0. List the prime factors of s.
2, 13
Suppose -143*y + 2172 = -137*y. What are the prime factors of y?
2, 181
Let a(n) = n**3 - 11*n**2 - 9*n - 11. Let b(t) = -t**3 - 9*t**2 - 10*t - 4. Let p be (-6 + 3)*8/3. Let h be b(p). List the prime factors of a(h).
5
Let o be (436/6)/(18/27). Let l = -24 + o. List the prime factors of l.
5, 17
Let r = 7162 - 4252. What are the prime factors of r?
2, 3, 5, 97
Suppose -18*d = 8371 - 27883. What are the prime factors of d?
2, 271
Suppose v = 7*v - 480. Let s = 11 + v. What are the prime factors of s?
7, 13
Let d(h) = -h + 12. Let w be (-84)/(-9) + 4/6. Let u be d(w). Suppose -68 = -2*s - 4*a, 2*s - 56 = -u*a + 6. List the prime factors of s.
2, 7
Let y be (-16)/(-24) + (-124)/6. Let g = y - -25. Suppose -4*f - 91 = -5*s, g*f = -5*s + 34 + 66. List the prime factors of s.
19
Suppose -4*l - 1 + 21 = 0. Suppose 2*s - 144 = -l*o + 11, o - 73 = -s. What are the prime factors of s?
2, 5, 7
Let h be 3 + (-1 - (-3 + 3)). Suppose 3*m + 15 = 0, h*m = 3*w + w + 14. Let f = 14 + w. List the prime factors of f.
2
List the prime factors of 1 + 1 + (898 - (16 + -3)).
887
Suppose 0 = 4*w - 1582 - 3506. List the prime factors of w.
2, 3, 53
Let i(a) = -6*a**2 + 2*a - 5. Let o(x) = x. Let s(h) = -i(h) + 6*o(h). What are the prime factors of s(-2)?
3, 7
Suppose -3 + 27 = 4*z. List the prime factors of (15/z - 1)/((-7)/(-742)).
3, 53
Let f be 9/(-27) + (-128)/(-6). Suppose f = 3*a - 5*x + 3, a + 4*x + 11 = 0. List the prime factors of 24 - a - (-4 + 2).
5
Suppose -4*q + 3*i - 4*i = -525, -5*q + 651 = 3*i. Suppose -3*o + 6*o - q = -4*w, 5*o - 220 = -2*w. What are the prime factors of o?
2, 11
Let o = 1 + -1. Suppose o = -2*p + z - 27, 2*p + 15 = -4*z + 3. List the prime factors of ((-16)/p)/(2/27).
2, 3
Suppose 22 = -5*f - 3*g, 0*f - 3*f = g + 10. List the prime factors of (-4)/f - (-21 + 3).
2, 5
What are the prime factors of (10/(-3))/(-10) - (-5456)/3?
17, 107
Suppose 30 = 15*x - 0*x. Suppose -2*m = -5*v - 160, 0 = 2*m + 3*m + 3*v - 369. Suppose 4*z + 3*k = 191, -x*z - k + 20 = -m. What are the prime factors of z?
47
Let f(s) = 3*s**2 - 23*s + 124. List the prime factors of f(24).
2, 5, 13
What are the prime factors of 1365/10 - (-3)/6?
137
Suppose 0 = -3*t + i + 350, 0 = -3*t - 5*i + 93 + 263. What are the prime factors of t?
3, 13
Suppose -2*i = i - z + 10, 0 = i - 2*z. What are the prime factors of -5*(i + 186/(-10))?
113
Let z(f) = f**2 + 5*f - 4. Let q be (-3)/(0 + 1) + -2. Let s be z(q). List the prime factors of 104/18 - s/18.
2, 3
Let r = 38 - 35. What are the prime factors of (r/5)/(1/215)?
3, 43
Let y(w) = -w + 15 + 6*w - 3 - 1. Let o be y(11). Suppose -2*u - 33 = -3*u - s, -o = -2*u + 5*s. What are the prime factors of u?
3, 11
Suppose 401 + 393 = 2*f. Suppose -l + f = 2*u, -l - 181 = -4*u + 604. List the prime factors of u.
197
Suppose -94 - 186 = 4*v. Suppose -5*q + 3*q + 206 = 0. Let a = v + q. What are the prime factors of a?
3, 11
Suppose 0 = 2*q + 1 - 79. Let a = 34 + q. List the prime factors of a.
73
Let d = 1810 - 1053. What are the prime factors of d?
757
Let x(s) = -s**3 + 8*s**2 + 10*s - 7. Let i be x(9). Let r(o) = 5*o**i + 5*o**3 + o - 8*o - 4*o**3 + 3. What are the prime factors of r(-6)?
3
Let q(z) = 6*z**2 + 3*z + 5037. List the prime factors of q(0).
3, 23, 73
Suppose 5*i - 1384 = -13*t + 11*t, i - t - 274 = 0. List the prime factors of i.
2, 3, 23
Suppose -2*w + 2*k = -10, 5*w = -5*k - 0*k + 55. What are the prime factors of (88/w)/((-2)/(-4))?
2, 11
Suppose 1038 = 3*a - 0*a. Suppose 2*t + h - 141 = 0, -5*t + a = -5*h + h. Suppose -4*i + t + 30 = -l, 3*i + l = 68. What are the prime factors of i?
2, 3
Let z(b) be the third derivative of 4*b**5/15 - b**4/8 + b**3/6 - 2*b**2 + 10*b. What are the prime factors of z(3)?
2, 17
Let l(w) = 74*w + 16. Let u be l(-5). Let p = -210 - u. List the prime factors of p.
2, 3
Suppose 0*k = 9*k - 2943. Suppose 0*n = 3*n - k. List the prime factors of n.
109
Suppose -19 = -p + 1. Let f = 26 - p. What are the prime factors of f?
2, 3
What are the prime factors of 3169 - (12 - (6 - -1))?
2, 7, 113
Let u(t) = 6*t**2 - 3*t - 10. Let c be u(5). Let d = c + 1. List the prime factors of d.
2, 3, 7
Let g(y) = 550*y - 1094. List the prime factors of g(12).
2, 2753
Suppose -6*t = -t. Suppose t = -3*d + 3*o + 150, 4*o = 3*d + 3 - 157. Suppose -5*r - d = -b, -2*r = -5*b + 3*b + 60. What are the prime factors of b?
2, 13
Let q(o) = 4*o**3. Let c be q(1). Let p be c/(-6) + 201/(-9). Let m = p + 48. What are the prime factors of m?
5
Let k(m) be the first derivative of -m**4/4 + 2*m**3 + m**2/2 + 6*m - 1. List the prime factors of k(5).
2, 3
Let u = -11 + 2. Let x = 7 - u. List the prime factors of x.
2
Let v = 2328 - 1638. List the prime factors of v.
2, 3, 5, 23
Let b(j) = 2*j**2 + 2. Let y be 2/9 - (-66)/(-54). Let s be b(y). Suppose 0 = s*x - 4*i - 84, 0*i = -x - 5*i + 51. List the prime fact